d by a(z)?
0
Suppose -2*a + 429 = 2*g - 529, 2*a + 1437 = 3*g. Calculate the remainder when g is divided by 30.
29
Let b(l) = 2*l**2 + 46*l - 32. Calculate the remainder when 2061 is divided by b(-24).
13
Let k = -60 - 146. Let r = -117 - k. Suppose r = 3*x - 163. What is the remainder when x is divided by 17?
16
Let y(d) = d**3 - 12*d**2 + 15*d - 8. Let o be y(4). Let u = o + 93. Calculate the remainder when 48 is divided by u.
14
Let o(k) = 16*k - 1. Calculate the remainder when o(3) is divided by 25 - ((-6 - 108/(-16)) + (-4)/(-16)).
23
Suppose 8*c = 11*c - 6. Suppose -8 = -c*s, -4*y - 5*s = -2*s + 112. Let a = 44 + y. Calculate the remainder when a is divided by 9.
4
Suppose 0*x + x - 5 = 0, 3*x - 355 = 2*r. What is the remainder when 81 is divided by 4/(-12) + r/(-6)?
25
Suppose -4 = -o + 3. What is the remainder when 9 is divided by (1 + 4)/(o - 6)?
4
Let s(w) = w**2 + w + 11. Let k = -46 + 43. Suppose 2*u + 155 = 7*u. Calculate the remainder when u is divided by s(k).
14
Suppose 3*t - 8*t + 60 = 0. Let z(q) = -q**3 + 13*q**2 - 4*q - 8. Calculate the remainder when z(t) is divided by (45/(-2))/((-3)/4).
28
Let h = 264 - 154. Calculate the remainder when h is divided by 28.
26
Suppose 4*y + 27 = c, -2*c + 69 = c - 6*y. What is the remainder when 112 is divided by c?
17
Suppose j + 1 = -0. Let g be j/((-2 - -4)/(-20)). Calculate the remainder when (2/(-2))/(g/(-310)) is divided by 16.
15
Suppose 2*i = 3*p + 1, -2 = -i + 2*p - 3. Suppose o + 4*o = -3*h + 30, -i*h + 4*o + 50 = 0. What is the remainder when 37 is divided by h?
7
Let i = -1464 - -1512. Calculate the remainder when i is divided by 39.
9
Suppose 29*f + 63 = 36*f. Calculate the remainder when 655 is divided by f.
7
Suppose q = -3*n + 8 + 30, 3*n - 3*q = 42. Suppose -5*g = n - 503. Calculate the remainder when g is divided by 25.
23
Let v = -1508 + 1552. Suppose -3*l + 3*y + 105 = 2*l, 63 = 2*l + 3*y. Calculate the remainder when v is divided by l.
20
Let y = 4 - 1. Let k(z) = z**3 - 4*z**2 + 2*z + 1. Let d be k(y). Calculate the remainder when 48 is divided by (d/(-6))/((-2)/(-102)).
14
Suppose -5*p = -2*m - 0*p - 91, -32 = m + 2*p. Let z = -19 - m. Suppose 2*x - 280 = -3*x - t, -4*x = 3*t - 235. Calculate the remainder when x is divided by z.
17
Suppose 2*i + 398 = 5*f, 23*i - 22*i = -4. What is the remainder when 97 is divided by f?
19
Suppose 0 = 176*r - 172*r - 316. What is the remainder when r is divided by 20?
19
Suppose -p - 248 = -5*p. Suppose g = -4*w + 74, 5*w = 2*g - 73 - p. What is the remainder when g is divided by 12?
10
Let r = 21 - 9. Let m(z) = -z**3 + 13*z**2 + 3*z + 19. Suppose 4*i + 0*i = 5*o + 32, 5*i - 4*o - 49 = 0. Calculate the remainder when m(i) is divided by r.
10
Suppose 3*o = 5*t + 89 - 46, 2*o + t - 7 = 0. What is the remainder when 1805 is divided by o?
5
Suppose -55*g + 61*g = 432. Let w = 43 + -60. Let k = g + w. What is the remainder when k is divided by 14?
13
Suppose 2*u = -3*u + 4585. Suppose g = z + 4*z + 1519, 5*g = -3*z - u. What is the remainder when (z/(-24))/(4/6) is divided by 10?
9
Suppose -2*z + 4*i = -4*z, 4*z + 2*i = 0. Let s = z + 2. Calculate the remainder when 4 is divided by s.
0
Suppose 3*j = -2*u + 58, -5*j = -u - 34 - 54. Calculate the remainder when 55 is divided by j.
1
Suppose -3*p = 5*j - 22, -p - 3*p - 4 = 0. Suppose 0 = -j*m - 2*x + 378 - 18, x - 291 = -4*m. Calculate the remainder when m is divided by 25.
24
Let x(f) = f**2 - 10*f + 19. Let m be x(5). Calculate the remainder when (-320)/(-60)*m/(-4) is divided by 5/(2*2/4).
3
Let p(u) = u**2 - 5*u - 3. Let s = -10 + 15. Suppose -v - 10 = -5*r + 3*v, r - s*v = 2. Calculate the remainder when p(6) is divided by r.
1
What is the remainder when -6 - (45 - -5)/(-5) is divided by 2?
0
Suppose 5*h = -3*f + 194, 0 = -f + 5*h + 3 + 35. Let w = 60 + -39. What is the remainder when f is divided by (-214)/(-14) - 6/w?
13
Let d = 852 + -843. What is the remainder when 503 is divided by d?
8
Suppose -6 = -3*z + 93. Let w(h) = h**3 + 7*h**2 - h - 6. Let o be w(-7). Let j(k) = 10*k**2 - 2*k + 1. What is the remainder when z is divided by j(o)?
6
Let d = 2795 - 2364. What is the remainder when d is divided by 16?
15
Suppose -r + 0*r = -6. Suppose r = -2*o - 14. What is the remainder when 306/15*o/(-4) is divided by 13?
12
Suppose 167*m = 168*m - 76. What is the remainder when 222 is divided by m?
70
Suppose -x + 88 = 5*c, -4*c - 2*x = -116 + 42. Let s = 21 - c. What is the remainder when 17 is divided by s?
1
Let j(v) = v**2 + 7*v - 1. Let b(d) = 2*d + 17. Suppose -4*l + 2*p + 7 = 27, l + 4*p = -14. What is the remainder when j(-8) is divided by b(l)?
2
Suppose -237*d - 468 = -241*d. Let r(o) = o**3 + 6*o**2 - 2. Let n be (4/2)/(2/(-4)). Calculate the remainder when d is divided by r(n).
27
Let k(g) = 2*g - 4. Let t be k(3). Suppose 4*m - 20 = -m, c = -t*m + 8. Suppose c*b = -b + 39. What is the remainder when b is divided by 21?
18
What is the remainder when 437 is divided by (35 - 2)*(138/(-18) + 8)?
8
Let q(v) = -21*v**3 + 5*v**2. Let w(a) = 20*a**3 - 4*a**2. Let x(y) = 5*q(y) + 6*w(y). Calculate the remainder when ((-23)/(-207)*94)/(2/18) is divided by x(1).
14
Suppose 2*t + 0*t - 50 = 0. Let q(c) = -2*c**2 - 9*c + 9. Let d be q(5). Let z = 160 + d. What is the remainder when z is divided by t?
24
Let h(d) = -8*d - 16. What is the remainder when 46 is divided by h(-5)?
22
Suppose -2125 = -13*f - 4*f. Let n = -79 + f. What is the remainder when n is divided by 16?
14
Suppose 3*c - 7*c - 96 = 0. Let t = -20 - c. What is the remainder when 5 is divided by t?
1
Let c = 5 - 0. Suppose j + c*g + 3 = 0, g + g + 4 = j. Calculate the remainder when -14 - -75 - (j - -1) is divided by 15.
13
Let b = 719 + -18. Calculate the remainder when b is divided by 9.
8
Let k be (14/21)/(1/6). Suppose 26 = 5*y - k*m, 4*y + 3 - 31 = -4*m. Calculate the remainder when 29 is divided by y.
5
Suppose 3*j + 202 = -4*g, -g + 2*j = 61 - 5. What is the remainder when 51 is divided by (g/(-16))/((-1)/(-4))?
12
Let c = -812 - -832. Calculate the remainder when 117 is divided by c.
17
Suppose 0 = -256*q + 251*q + 55. Calculate the remainder when 296 is divided by q.
10
Suppose -4*f = -4*j, -3*f - j = -f - 12. Suppose 0 = -f*w - w. Suppose w = 3*a + 16 - 103. Calculate the remainder when a is divided by 15.
14
Let z = 232 + -329. Let k = 181 + z. Let b = -41 + k. Calculate the remainder when b is divided by 15.
13
What is the remainder when 6/15 + 5496/60 is divided by 30?
2
Suppose -22*i + 80 = -18*i. What is the remainder when i is divided by 15?
5
Suppose 1513 = 57*u + 32*u. Calculate the remainder when 2*3*(-50)/(-3) is divided by u.
15
Suppose 5*a + 17 = 3*g, -2*g + 6 = -2. Calculate the remainder when (-1)/(a/(-54)*-1) is divided by 28.
26
Suppose -46*u + 4721 = -4249. Calculate the remainder when u is divided by 49.
48
Let c(i) = 12*i - 21. Let p be c(6). Let s = p - 24. Calculate the remainder when 134 is divided by s.
26
Let x = -869 + 979. What is the remainder when 1977 is divided by x?
107
Let f = -1493 - -1496. Let j(t) = -7*t - 4. Let w be j(-3). Suppose 3*x = 10 + w. What is the remainder when x is divided by f?
0
Suppose 4*v = 6 + 34. What is the remainder when 63 is divided by v?
3
Let g = -28 + 51. Let c(d) = -d**3 + 22*d**2 + 24*d - 5. Let i be c(23). Let t = g - i. What is the remainder when 16 is divided by t?
1
Let z = -43 - -86. Calculate the remainder when z is divided by 9.
7
Suppose -2*y + 856 = -116. Let r = -306 + y. Suppose -71 = -2*v + 3*t, -t + r = 5*v - 6*t. Calculate the remainder when v is divided by 19.
18
Suppose 0 = 3*f - 9 - 63. Suppose 4*s + m = 257, -3*s + 207 - f = 4*m. Let p = s + -6. What is the remainder when p is divided by 15?
14
Let y be 590/25 + (12/10)/3. What is the remainder when 77 is divided by y/2*(-2 + 32/12)?
5
Let s(m) = -11*m + 174. What is the remainder when 72 is divided by s(14)?
12
Let d = -976 + 1108. What is the remainder when d is divided by 50?
32
Suppose -5*t + 139 = -76. Suppose p - 7 - 26 = 0. Suppose 30*c + p = 33*c. What is the remainder when t is divided by c?
10
Suppose -3*k + 46 + 7 = 5*h, 2*h + 5*k = 25. Suppose 0*w - 21 = -w + 3*z, -5*w - 4*z + h = 0. Calculate the remainder when 22 is divided by w.
4
Suppose k + 3*z = -45, 3*z + 0*z - 